148*a - 6437238. Is a prime?
True
Let x(d) = 4*d**2 - 9*d - 6. Suppose 5*p - 4*i + 90 = 0, 3*i - 2 = p - i. Let m = -15 - p. Is x(m) composite?
False
Suppose 77*r - 885350 = 27*r. Is r composite?
False
Suppose 83*a = 80*a + 168423. Is a a prime number?
False
Is 154571 + -9 + -12 + 21 prime?
True
Is (-17171510)/(-22) + ((-1206)/99 - -12) a prime number?
True
Is (2 + 8/(-12))/(28/485751) a composite number?
False
Let r(u) = -34*u**3 - 5*u**2 + 4*u. Let j be r(-5). Suppose -1912 = 2*y - 5*o, -y - 2*o = 2*y + 2830. Let f = j - y. Is f composite?
False
Suppose k + 3 = 18. Suppose 7*d - 20 - k = 0. Let y = d - -14. Is y composite?
False
Suppose 4*t + t = -2*f + 18455, 3*t + 2*f - 11073 = 0. Let s(h) = 150*h**2 - 54*h - 300. Let l be s(-6). Let p = l - t. Is p a composite number?
False
Let z(j) = 2*j - 15. Let q(s) = s - 14. Let t(o) = 3*q(o) - 2*z(o). Let r be t(-16). Is (-1)/((-9 + r)/3590) prime?
False
Suppose -14 - 5 = -u. Suppose -u*w - 8 = -23*w. Suppose 0 = -w*t - 10, 2*t = -3*g - 2*t + 1219. Is g a prime number?
False
Let y(o) = -o**3 + 9*o**2 - 11*o + 14. Let i be y(6). Let j be (-176)/(-14) - i/98. Suppose 11*u - j*u = -179. Is u composite?
False
Let o(p) = -21*p + 4. Let j = 171 + -181. Is o(j) composite?
True
Let l = 274459 - 86408. Is l prime?
False
Suppose -1618*k + 1593*k + 756475 = 0. Is k composite?
False
Suppose -5*l = 2*u - 21, 6*u + 6 = 7*u + l. Suppose -2*c - 5*d = -12414, -4*d + 13 = -u. Is c composite?
False
Let y = 210690 - 89039. Is y a prime number?
False
Let p(z) = 2809*z - 136. Let l(b) = 562*b - 27. Let y(n) = -11*l(n) + 2*p(n). Is y(-3) a prime number?
False
Suppose 35*m = -p + 434862 - 108493, -2*p + 2*m + 652738 = 0. Is p a prime number?
True
Let g be (0 - 4)*99/12. Let y = 35 + g. Let w(l) = 146*l**3 - l**2 + 2*l + 1. Is w(y) composite?
True
Let x = 1688487 + -646444. Is x a composite number?
False
Let y(c) = -3*c**2 - 93*c + 109. Let i be y(-32). Let q(m) be the third derivative of m**6/120 - m**5/5 + 7*m**4/24 - 7*m**3/6 - 2*m**2. Is q(i) a prime number?
False
Suppose -c - y = 10502, 2*y = 4*c + 49699 - 7697. Let z = -5442 - c. Is z a composite number?
False
Let b(n) = n**2 + 3*n - 2. Let a be b(-4). Suppose p + 2*i - 2679 = 0, -4*p + 6582 = a*i - 4110. Is p composite?
False
Let h(r) = -2*r**3 - 14*r**2 - 24*r - 3. Let t be h(-2). Suppose -12*z + t*z = -27811. Is z composite?
True
Suppose 18*h - 4563024 = 18*h - 48*h. Is h a prime number?
True
Suppose 0*x = 6*x - 24. Suppose -217 = x*f + 203. Is (-20)/(-6)*f/(-25) composite?
True
Let l(r) = 22307*r**2 + 253*r - 1001. Is l(4) prime?
False
Is (-143093)/(6*(5 + -2)/(-126)) prime?
False
Is ((-142455)/6)/(46/(-92)) a composite number?
True
Let s = -29 - -42. Let u = s + 2. Suppose 0 = -19*d + u*d + 6172. Is d prime?
True
Suppose 4*f - g = 12766, 0*f - 4*g = 3*f - 9565. Is 1 + 6 + (f - -1) composite?
True
Let j(u) = u**2 + 9*u + 4. Let m be j(-8). Is m*7146/(-24) - 2 composite?
True
Suppose 2*o - w = 86, -2*w = -3*o - 0*w + 131. Suppose -o = c + 28. Let k = c + 127. Is k composite?
True
Suppose -3*w + 3*y - 280640 = -896270, 3*w + 2*y = 615635. Is w prime?
True
Let s(x) = -138*x**2 - 17*x - 74. Let o(l) = -l**2 - 2*l. Let n(a) = 4*o(a) - s(a). Is n(11) a prime number?
False
Let p(s) = 29*s**3 + s**2 - 7*s + 30. Let o(z) = z**3 - z**2 + 2*z - 2. Let t(d) = -o(d) - p(d). Is t(-5) a prime number?
True
Suppose -u = -4*j - 19917, 26*j = -2*u + 29*j + 39814. Is u a composite number?
True
Let k be (30*4/(-8))/((-6)/4). Suppose -3*j - 133896 = -k*j. Is ((-2)/(-6))/(4*2/j) a composite number?
False
Let b(s) = 81*s**3 - 5*s**2 + 18*s - 9. Let j be ((-14)/(-49))/(8/112). Is b(j) a composite number?
False
Let z = -641293 - -1550870. Is z a composite number?
False
Suppose 39*o - 38*o - 4*f - 226209 = 0, -f = -4*o + 904776. Is o prime?
False
Let i = -95 + 100. Let h(q) = 36*q**2 - 3*q + 28. Is h(i) a prime number?
False
Let k(o) = -56*o**3 - 15*o**2 + 28*o + 76. Is k(-13) composite?
False
Suppose q = 5*k + 3*q - 8130, 5*q = k - 1653. Suppose -v = 5*w - 7318 - k, 3*v - 5*w = 26858. Is v composite?
False
Suppose 0 = -3*q - 28*q + 1271. Suppose -39*f - 4*a = -q*f + 50610, 2*a + 4 = 0. Is f a composite number?
False
Let b = 10586 + -5684. Suppose 6*s - b = 4278. Suppose s - 387 = 3*p. Is p a composite number?
True
Let k(x) = -x**3 - 24*x**2 - 33*x + 61. Suppose -2*h = 5*y + 33, 11*h - 12*h - 2*y - 18 = 0. Is k(h) prime?
True
Let a = -84956 + 503493. Is a a prime number?
False
Is (257183/2*((-18 - -25) + -9))/(-1) a prime number?
False
Suppose -3*r = -t - 14248, -4*r - 5*t + 2315 + 16714 = 0. Is r composite?
False
Let a(k) = 1480*k**2 - 30*k + 7. Suppose -18*p - 28 = -22*p. Is a(p) a prime number?
False
Suppose 5*n = 3*j + 13932, 10*j = -2*n + 7*j + 5556. Suppose -n = -2*i + 3916. Suppose -q + 8341 = 4*q + o, 3*o = 2*q - i. Is q a composite number?
False
Suppose 0 = -i - 5*r + 459, 5*i - 4*r - 2208 = -0*i. Let s = i - -5545. Is s a prime number?
False
Let h be (-12 + 1024/24)*15*31. Let a(t) = -9766*t - 1. Let c be a(1). Let p = c + h. Is p a prime number?
True
Let f(h) = -h**3 - 11*h**2 + 18*h - 5. Let o = -130 + 116. Is f(o) a composite number?
False
Let o(z) = 44*z**2 + 10*z + 1. Let q(v) = v**3 - 20*v**2 + 18*v + 22. Let d(f) = -f + 7. Let i be d(-12). Let p be q(i). Is o(p) composite?
True
Suppose -19624*c = -19583*c - 42409703. Is c a prime number?
False
Suppose h - 1541 = -2*u - 3*u, -4*u = -5*h + 7705. Let a = -672 + h. Is a prime?
False
Let u = -94 - -96. Suppose 3*x + u*i = 1607, 4*x + 2*i = -2*i + 2148. Is x a prime number?
False
Let h be 40/(-20)*1*-2. Suppose -b = k - 4*b - 2582, 0 = -3*k + h*b + 7746. Is k composite?
True
Suppose 4877*m - 1710 = 4887*m. Let v(d) = -28*d**3 - 6*d**2 - 2*d - 4. Let l be v(-4). Let f = m + l. Is f a composite number?
True
Suppose 7*z = -40592 - 174231. Let u = 44982 + z. Is u composite?
False
Is 91249011/35 - 8 - 4/(-10) composite?
False
Let c = 241 - 233. Let u(q) = 105*q - 87. Is u(c) a prime number?
False
Is 540315/45*(-15)/(-4 + 1) a composite number?
True
Suppose 0 = -4*o + 5*x + 11, -3*o + o = -4*x - 4. Let b(q) = 2*q**3 - 2*q**2 - 11*q - 44. Let f be b(-6). Is (-3 - f - o) + 4 a prime number?
True
Let y = 791 - 663. Let q be 367/5 + 4/(-10). Let j = q + y. Is j composite?
True
Let q = -143099 - -374454. Is q prime?
False
Suppose -3*c - 10 = 3*h - 16, -c = -3*h - 10. Suppose -62 = -c*w + 122. Is w composite?
True
Suppose -1129 = -v + 5*j, v = -15*j + 16*j + 1137. Let l = v + 338. Is l a prime number?
False
Let t be 30/45 - 1276/6. Let c = t + 2275. Is c prime?
True
Let u(l) = -4321*l + 396. Is u(-13) prime?
True
Suppose 40 = 3*k + 5*k. Suppose 0 = -0*h - h - i + 220, k*i + 1060 = 5*h. Suppose 0*f = 2*x - f - h, 3*f + 103 = x. Is x a composite number?
False
Let g(j) = 344*j**2 - 170*j + 5251. Is g(38) a composite number?
False
Suppose 5*c = -4*n - 5 - 21, -2*c - 8 = 4*n. Is ((-388)/12)/(-1)*c/(-2) composite?
False
Suppose t = -3*p + 5, -2*t + 3*p = -p. Suppose -2*k + 3*v = -0*k - 1735, 2*v + 1736 = t*k. Is k a prime number?
False
Suppose -27 + 7 = -5*w. Suppose -w*m = -16, 2*o = -3*o - 4*m + 42061. Is (-6)/(-24) - (0 + o/(-12)) a composite number?
False
Suppose 0*r = 34*r - 13872. Suppose r = 22*x - 406. Is x a composite number?
False
Let z(d) = 51*d**2 - 799*d + 221. Is z(-66) a prime number?
False
Is 50 + 2196299 + (-5 - ((-75)/5)/5) composite?
False
Let q = 255111 - 32530. Is q composite?
True
Is (-2)/93 - (-76460547007)/27807 a prime number?
True
Suppose 4*l = -5*l + 54. Let w(q) = 6*q**2 - 7*q + 8. Let y be w(l). Suppose -b + y = b. Is b a composite number?
True
Suppose -10*l = -19436 - 87854. Suppose -42*j + 58865 = -l. Is j a composite number?
False
Let y(c) = -7676*c - 765. Is y(-50) a prime number?
False
Suppose -2*y + 188565 = 5*y - 250846. Is y prime?
True
Suppose -2*z - 16 = -2*o, 0 = -3*z + 2*z + 3*o - 4. Let b be (-261)/6 - (2 + 5/z). Let y = b - -586. Is y a prime number?
True
Let v(a) = a**2 + a + 1. Suppose 11*q - 12*q = 1. Let c(b) = 18*b**3 - 6*b**2 - 11*b - 11. Let h(o) = q*c(o) - 4*v(o). Is h(-4) a composite number?
False
Is ((-153)/(-45) + (-8 - -5))/(6/1028505) a composite number?
False
Let c(f) = f**2 + 10*f - 83. Let m be c(7). Suppose m*q = 60*q - 79512. Is q a prime number?
True
Let s(z) = z**3 + 13*z**2 - 10*